 when 3189 is divided by 28.
25
Calculate the remainder when 119 is divided by 26.
15
What is the remainder when 142 is divided by 10?
2
Calculate the remainder when 109 is divided by 43.
23
Calculate the remainder when 84 is divided by 59.
25
What is the remainder when 2997 is divided by 75?
72
What is the remainder when 12 is divided by 5?
2
Calculate the remainder when 54398 is divided by 32.
30
What is the remainder when 123 is divided by 43?
37
What is the remainder when 128 is divided by 26?
24
Calculate the remainder when 551 is divided by 24.
23
Calculate the remainder when 64 is divided by 30.
4
What is the remainder when 2533 is divided by 15?
13
Calculate the remainder when 587 is divided by 66.
59
What is the remainder when 465 is divided by 47?
42
Calculate the remainder when 6389 is divided by 18.
17
What is the remainder when 1571 is divided by 122?
107
What is the remainder when 341 is divided by 43?
40
Calculate the remainder when 449 is divided by 50.
49
What is the remainder when 87 is divided by 31?
25
What is the remainder when 921 is divided by 28?
25
What is the remainder when 414 is divided by 30?
24
What is the remainder when 641 is divided by 169?
134
What is the remainder when 164 is divided by 137?
27
Calculate the remainder when 1541 is divided by 754.
33
Calculate the remainder when 112 is divided by 50.
12
What is the remainder when 14074 is divided by 34?
32
Calculate the remainder when 195 is divided by 47.
7
What is the remainder when 495 is divided by 80?
15
Calculate the remainder when 417 is divided by 5.
2
Calculate the remainder when 579 is divided by 263.
53
Calculate the remainder when 78 is divided by 38.
2
What is the remainder when 122 is divided by 14?
10
What is the remainder when 134 is divided by 70?
64
What is the remainder when 75 is divided by 73?
2
What is the remainder when 11578 is divided by 12?
10
What is the remainder when 55 is divided by 28?
27
Calculate the remainder when 806 is divided by 266.
8
What is the remainder when 341 is divided by 178?
163
Calculate the remainder when 3487 is divided by 101.
53
Calculate the remainder when 1930 is divided by 38.
30
Calculate the remainder when 582 is divided by 81.
15
Calculate the remainder when 1915 is divided by 96.
91
Calculate the remainder when 421 is divided by 68.
13
What is the remainder when 2716 is divided by 101?
90
Calculate the remainder when 1549 is divided by 42.
37
Calculate the remainder when 4705 is divided by 9.
7
What is the remainder when 9951 is divided by 7?
4
What is the remainder when 745 is divided by 69?
55
Calculate the remainder when 1215 is divided by 233.
50
What is the remainder when 5858 is divided by 280?
258
Calculate the remainder when 738 is divided by 34.
24
Calculate the remainder when 688 is divided by 340.
8
What is the remainder when 260 is divided by 93?
74
Calculate the remainder when 287 is divided by 18.
17
Calculate the remainder when 5599 is divided by 19.
13
Calculate the remainder when 617 is divided by 47.
6
Calculate the remainder when 1297 is divided by 11.
10
What is the remainder when 1067 is divided by 63?
59
Calculate the remainder when 288 is divided by 76.
60
What is the remainder when 77 is divided by 54?
23
Calculate the remainder when 557 is divided by 8.
5
Calculate the remainder when 562 is divided by 27.
22
Calculate the remainder when 453 is divided by 19.
16
What is the remainder when 205 is divided by 52?
49
What is the remainder when 734 is divided by 67?
64
Calculate the remainder when 400 is divided by 128.
16
Calculate the remainder when 16 is divided by 4.
0
Calculate the remainder when 24 is divided by 6.
0
What is the remainder when 268 is divided by 22?
4
What is the remainder when 396 is divided by 84?
60
What is the remainder when 440 is divided by 232?
208
Calculate the remainder when 21356 is divided by 189.
188
What is the remainder when 20 is divided by 7?
6
Calculate the remainder when 1062 is divided by 76.
74
Calculate the remainder when 81 is divided by 57.
24
Calculate the remainder when 86 is divided by 25.
11
Calculate the remainder when 6754 is divided by 29.
26
Calculate the remainder when 1525 is divided by 48.
37
Calculate the remainder when 28 is divided by 15.
13
What is the remainder when 2715 is divided by 47?
36
Calculate the remainder when 693 is divided by 1.
0
What is the remainder when 93 is divided by 47?
46
Calculate the remainder when 104 is divided by 21.
20
What is the remainder when 236 is divided by 79?
78
What is the remainder when 115 is divided by 28?
3
What is the remainder when 830 is divided by 27?
20
What is the remainder when 370 is divided by 182?
6
What is the remainder when 141 is divided by 2?
1
What is the remainder when 192 is divided by 99?
93
Calculate the remainder when 351 is divided by 19.
9
What is the remainder when 362 is divided by 236?
126
What is the remainder when 1186 is divided by 83?
24
What is the remainder when 1021 is divided by 19?
14
Calculate the remainder when 753 is divided by 18.
15
Calculate the remainder when 14938 is divided by 12.
10
What is the remainder when 336 is divided by 68?
64
What is the remainder when 31 is divided by 2?
1
Calculate the remainder when 2329 is divided by 44.
41
Calculate the remainder when 470 is divided by 92.
10
What is the remainder when 82 is divided by 23?
13
What is the remainder when 660 is divided by 139?
104
What is the remainder when 176 is divided by 56?
8
Calculate the remainder when 534 is divided by 77.
72
What is the remainder when 822 is divided by 12?
6
Calculate the remainder when 1086 is divided by 136.
134
Calculate the remainder when 1392 is divided by 36.
24
What is the remainder when 84 is divided by 33?
18
What is the remainder when 122 is divided by 40?
2
Calculate the remainder when 445 is divided by 38.
27
What is the remainder when 893 is divided by 334?
225
Calculate the remainder when 288 is divided by 88.
24
Calculate the remainder when 36 is divided by 35.
1
What is the remainder when 4199 is divided by 28?
27
What is the remainder when 23 is divided by 11?
1
Calculate the remainder when 258 is divided by 94.
70
What is the remainder when 410 is divided by 80?
10
What is the remainder when 529 is divided by 10?
9
Calculate the remainder when 332 is divided by 24.
20
Calculate the remainder when 2428 is divided by 67.
16
Calculate the remainder when 1245 is divided by 55.
35
What is the remainder when 158 is divided by 23?
20
What is the remainder when 12404 is divided by 188?
184
What is the remainder when 75 is divided by 49?
26
What is the remainder when 119 is divided by 13?
2
What is the remainder when 679 is divided by 68?
67
What is the remainder when 38 is divided by 14?
10
What is the remainder when 277 is divided by 84?
25
Calculate the remainder when 2480 is divided by 4.
0
What is the remainder when 285 is divided by 11?
10
Calculate the remainder when 56 is divided by 17.
5
What is the remainder when 343 is divided by 66?
13
What is the remainder when 1158 is divided by 40?
38
Calculate the remainder when 3035 is divided by 203.
193
What is the remainder when 530 is divided by 38?
36
What is the remainder when 133 is divided by 132?
1
What is the remainder when 267 is divided by 65?
7
What is the remainder when 242 is divided by 41?
37
What is the remainder when 194 is divided by 36?
14
What is the remainder when 361 is divided by 94?
79
What is the remainder when 367 is divided by 98?
73
Calculate the remainder when 378 is divided by 145.
88
What is the remainder when 47 is divided by 15?
2
What is the remainder when 103 is divided by 38?
27
What is the remainder when 82 is divided by 18?
10
Calculate the remainder when 350 is divided by 74.
54
What is the remainder when 135 is divided by 3?
0
What is the remainder when 57 is divided by 20?
17
What is the remainder when 63 is divided by 27?
9
Calculate the remainder when 270 is divided by 126.
18
Calculate the remainder when 698 is divided by 44.
38
What is the remainder when 726 is divided by 242?
0
Calculate the remainder when 750 is divided by 47.
45
Calculate the remainder when 8190 is divided by 2.
0
Calculate the remainder when 737 is divided by 11.
0
Calculate 